{"id":18868,"date":"2025-01-15T13:23:15","date_gmt":"2025-01-15T12:23:15","guid":{"rendered":"https:\/\/bukiboek.nl\/product\/intaiul-meu-cuvant-de-pionier\/"},"modified":"2026-04-28T02:56:06","modified_gmt":"2026-04-28T00:56:06","slug":"intaiul-meu-cuvant-de-pionier","status":"publish","type":"product","link":"https:\/\/bukiboek.nl\/en\/product\/intaiul-meu-cuvant-de-pionier\/","title":{"rendered":"Intaiul meu cuvant de pionier"},"content":{"rendered":"<p>Ada, 8 jaar, groeit op in de laatste maanden van het communistische Roemeni\u00eb. Terwijl ze zich voorbereidt op haar pioniersceremonie, ontdekt ze dat \u00e9\u00e9n grap haar leven kan veranderen. Een pakkend verhaal over kind-zijn in een turbulente tijd.<\/p>","protected":false},"excerpt":{"rendered":"<p>Ada, 8 jaar, groeit op in de laatste maanden van het communistische Roemeni\u00eb. Terwijl ze zich voorbereidt op haar pioniersceremonie, ontdekt ze dat \u00e9\u00e9n grap haar leven kan veranderen. Een pakkend verhaal over kind-zijn in een turbulente tijd.<\/p>","protected":false},"featured_media":20028,"comment_status":"closed","ping_status":"closed","template":"","meta":{"site-sidebar-layout":"default","site-content-layout":"","ast-site-content-layout":"default","site-content-style":"default","site-sidebar-style":"default","ast-global-header-display":"","ast-banner-title-visibility":"","ast-main-header-display":"","ast-hfb-above-header-display":"","ast-hfb-below-header-display":"","ast-hfb-mobile-header-display":"","site-post-title":"","ast-breadcrumbs-content":"","ast-featured-img":"","footer-sml-layout":"","theme-transparent-header-meta":"","adv-header-id-meta":"","stick-header-meta":"","header-above-stick-meta":"","header-main-stick-meta":"","header-below-stick-meta":"","astra-migrate-meta-layouts":"default","ast-page-background-enabled":"default","ast-page-background-meta":{"desktop":{"background-color":"","background-image":"","background-repeat":"repeat","background-position":"center center","background-size":"auto","background-attachment":"scroll","background-type":"","background-media":"","overlay-type":"","overlay-color":"","overlay-opacity":"","overlay-gradient":""},"tablet":{"background-color":"","background-image":"","background-repeat":"repeat","background-position":"center center","background-size":"auto","background-attachment":"scroll","background-type":"","background-media":"","overlay-type":"","overlay-color":"","overlay-opacity":"","overlay-gradient":""},"mobile":{"background-color":"","background-image":"","background-repeat":"repeat","background-position":"center center","background-size":"auto","background-attachment":"scroll","background-type":"","background-media":"","overlay-type":"","overlay-color":"","overlay-opacity":"","overlay-gradient":""}},"ast-content-background-meta":{"desktop":{"background-color":"var(--ast-global-color-5)","background-image":"","background-repeat":"repeat","background-position":"center center","background-size":"auto","background-attachment":"scroll","background-type":"","background-media":"","overlay-type":"","overlay-color":"","overlay-opacity":"","overlay-gradient":""},"tablet":{"background-color":"var(--ast-global-color-5)","background-image":"","background-repeat":"repeat","background-position":"center center","background-size":"auto","background-attachment":"scroll","background-type":"","background-media":"","overlay-type":"","overlay-color":"","overlay-opacity":"","overlay-gradient":""},"mobile":{"background-color":"var(--ast-global-color-5)","background-image":"","background-repeat":"repeat","background-position":"center center","background-size":"auto","background-attachment":"scroll","background-type":"","background-media":"","overlay-type":"","overlay-color":"","overlay-opacity":"","overlay-gradient":""}}},"product_brand":[],"product_cat":[964],"product_tag":[45,44],"klant-ref":[],"class_list":{"0":"post-18868","1":"product","2":"type-product","3":"status-publish","4":"has-post-thumbnail","6":"product_cat-roemeense-kinderboeken","7":"product_tag-10-tot-12-jaar","8":"product_tag-7-tot-9-jaar","9":"desktop-align-left","10":"tablet-align-left","11":"mobile-align-left","13":"first","14":"instock","15":"taxable","16":"shipping-taxable","17":"purchasable","18":"product-type-simple"},"yoast_head":"<!-- This site is optimized with the Yoast SEO plugin v27.4 - https:\/\/yoast.com\/product\/yoast-seo-wordpress\/ -->\n<title>Intaiul meu cuvant de pionier - BukiBoek<\/title>\n<meta name=\"robots\" content=\"index, follow, max-snippet:-1, max-image-preview:large, max-video-preview:-1\" \/>\n<link rel=\"canonical\" href=\"https:\/\/bukiboek.nl\/en\/product\/intaiul-meu-cuvant-de-pionier\/\" \/>\n<meta property=\"og:locale\" content=\"en_GB\" \/>\n<meta property=\"og:type\" content=\"article\" \/>\n<meta property=\"og:title\" content=\"Intaiul meu cuvant de pionier - BukiBoek\" \/>\n<meta property=\"og:description\" content=\"Ada, 8 jaar, groeit op in de laatste maanden van het communistische Roemeni\u00eb. Terwijl ze zich voorbereidt op haar pioniersceremonie, ontdekt ze dat \u00e9\u00e9n grap haar leven kan veranderen. Een pakkend verhaal over kind-zijn in een turbulente tijd.\" \/>\n<meta property=\"og:url\" content=\"https:\/\/bukiboek.nl\/en\/product\/intaiul-meu-cuvant-de-pionier\/\" \/>\n<meta property=\"og:site_name\" content=\"BukiBoek\" \/>\n<meta property=\"article:modified_time\" content=\"2026-04-28T00:56:06+00:00\" \/>\n<meta property=\"og:image\" content=\"https:\/\/bukiboek.nl\/wp-content\/uploads\/2025\/08\/27354369-1.jpg\" \/>\n\t<meta property=\"og:image:width\" content=\"600\" \/>\n\t<meta property=\"og:image:height\" content=\"775\" \/>\n\t<meta property=\"og:image:type\" content=\"image\/jpeg\" \/>\n<meta name=\"twitter:card\" content=\"summary_large_image\" \/>\n<script type=\"application\/ld+json\" class=\"yoast-schema-graph\">{\"@context\":\"https:\\\/\\\/schema.org\",\"@graph\":[{\"@type\":\"WebPage\",\"@id\":\"https:\\\/\\\/bukiboek.nl\\\/product\\\/intaiul-meu-cuvant-de-pionier\\\/\",\"url\":\"https:\\\/\\\/bukiboek.nl\\\/product\\\/intaiul-meu-cuvant-de-pionier\\\/\",\"name\":\"Intaiul meu cuvant de pionier - BukiBoek\",\"isPartOf\":{\"@id\":\"https:\\\/\\\/bukiboek.nl\\\/en\\\/#website\"},\"primaryImageOfPage\":{\"@id\":\"https:\\\/\\\/bukiboek.nl\\\/product\\\/intaiul-meu-cuvant-de-pionier\\\/#primaryimage\"},\"image\":{\"@id\":\"https:\\\/\\\/bukiboek.nl\\\/product\\\/intaiul-meu-cuvant-de-pionier\\\/#primaryimage\"},\"thumbnailUrl\":\"https:\\\/\\\/bukiboek.nl\\\/wp-content\\\/uploads\\\/2025\\\/08\\\/27354369-1.jpg\",\"datePublished\":\"2025-01-15T12:23:15+00:00\",\"dateModified\":\"2026-04-28T00:56:06+00:00\",\"breadcrumb\":{\"@id\":\"https:\\\/\\\/bukiboek.nl\\\/product\\\/intaiul-meu-cuvant-de-pionier\\\/#breadcrumb\"},\"inLanguage\":\"en-GB\",\"potentialAction\":[{\"@type\":\"ReadAction\",\"target\":[\"https:\\\/\\\/bukiboek.nl\\\/product\\\/intaiul-meu-cuvant-de-pionier\\\/\"]}]},{\"@type\":\"ImageObject\",\"inLanguage\":\"en-GB\",\"@id\":\"https:\\\/\\\/bukiboek.nl\\\/product\\\/intaiul-meu-cuvant-de-pionier\\\/#primaryimage\",\"url\":\"https:\\\/\\\/bukiboek.nl\\\/wp-content\\\/uploads\\\/2025\\\/08\\\/27354369-1.jpg\",\"contentUrl\":\"https:\\\/\\\/bukiboek.nl\\\/wp-content\\\/uploads\\\/2025\\\/08\\\/27354369-1.jpg\",\"width\":600,\"height\":775},{\"@type\":\"BreadcrumbList\",\"@id\":\"https:\\\/\\\/bukiboek.nl\\\/product\\\/intaiul-meu-cuvant-de-pionier\\\/#breadcrumb\",\"itemListElement\":[{\"@type\":\"ListItem\",\"position\":1,\"name\":\"Home\",\"item\":\"https:\\\/\\\/bukiboek.nl\\\/\"},{\"@type\":\"ListItem\",\"position\":2,\"name\":\"Intaiul meu cuvant de pionier\"}]},{\"@type\":\"WebSite\",\"@id\":\"https:\\\/\\\/bukiboek.nl\\\/en\\\/#website\",\"url\":\"https:\\\/\\\/bukiboek.nl\\\/en\\\/\",\"name\":\"BukiBoek\",\"description\":\"Kinderboeken in verschillende talen\",\"publisher\":{\"@id\":\"https:\\\/\\\/bukiboek.nl\\\/en\\\/#organization\"},\"potentialAction\":[{\"@type\":\"SearchAction\",\"target\":{\"@type\":\"EntryPoint\",\"urlTemplate\":\"https:\\\/\\\/bukiboek.nl\\\/en\\\/?s={search_term_string}\"},\"query-input\":{\"@type\":\"PropertyValueSpecification\",\"valueRequired\":true,\"valueName\":\"search_term_string\"}}],\"inLanguage\":\"en-GB\"},{\"@type\":\"Organization\",\"@id\":\"https:\\\/\\\/bukiboek.nl\\\/en\\\/#organization\",\"name\":\"BukiBoek\",\"url\":\"https:\\\/\\\/bukiboek.nl\\\/en\\\/\",\"logo\":{\"@type\":\"ImageObject\",\"inLanguage\":\"en-GB\",\"@id\":\"https:\\\/\\\/bukiboek.nl\\\/en\\\/#\\\/schema\\\/logo\\\/image\\\/\",\"url\":\"https:\\\/\\\/bukiboek.nl\\\/wp-content\\\/uploads\\\/2023\\\/01\\\/cropped-cropped-Transparent-Logo-1-e1675407711486.png\",\"contentUrl\":\"https:\\\/\\\/bukiboek.nl\\\/wp-content\\\/uploads\\\/2023\\\/01\\\/cropped-cropped-Transparent-Logo-1-e1675407711486.png\",\"width\":600,\"height\":662,\"caption\":\"BukiBoek\"},\"image\":{\"@id\":\"https:\\\/\\\/bukiboek.nl\\\/en\\\/#\\\/schema\\\/logo\\\/image\\\/\"},\"sameAs\":[\"https:\\\/\\\/www.linkedin.com\\\/company\\\/74944248\\\/\"]}]}<\/script>\n<!-- \/ Yoast SEO plugin. -->","yoast_head_json":{"title":"Intaiul meu cuvant de pionier - BukiBoek","robots":{"index":"index","follow":"follow","max-snippet":"max-snippet:-1","max-image-preview":"max-image-preview:large","max-video-preview":"max-video-preview:-1"},"canonical":"https:\/\/bukiboek.nl\/en\/product\/intaiul-meu-cuvant-de-pionier\/","og_locale":"en_GB","og_type":"article","og_title":"Intaiul meu cuvant de pionier - BukiBoek","og_description":"Ada, 8 jaar, groeit op in de laatste maanden van het communistische Roemeni\u00eb. Terwijl ze zich voorbereidt op haar pioniersceremonie, ontdekt ze dat \u00e9\u00e9n grap haar leven kan veranderen. Een pakkend verhaal over kind-zijn in een turbulente tijd.","og_url":"https:\/\/bukiboek.nl\/en\/product\/intaiul-meu-cuvant-de-pionier\/","og_site_name":"BukiBoek","article_modified_time":"2026-04-28T00:56:06+00:00","og_image":[{"width":600,"height":775,"url":"https:\/\/bukiboek.nl\/wp-content\/uploads\/2025\/08\/27354369-1.jpg","type":"image\/jpeg"}],"twitter_card":"summary_large_image","schema":{"@context":"https:\/\/schema.org","@graph":[{"@type":"WebPage","@id":"https:\/\/bukiboek.nl\/product\/intaiul-meu-cuvant-de-pionier\/","url":"https:\/\/bukiboek.nl\/product\/intaiul-meu-cuvant-de-pionier\/","name":"Intaiul meu cuvant de pionier - BukiBoek","isPartOf":{"@id":"https:\/\/bukiboek.nl\/en\/#website"},"primaryImageOfPage":{"@id":"https:\/\/bukiboek.nl\/product\/intaiul-meu-cuvant-de-pionier\/#primaryimage"},"image":{"@id":"https:\/\/bukiboek.nl\/product\/intaiul-meu-cuvant-de-pionier\/#primaryimage"},"thumbnailUrl":"https:\/\/bukiboek.nl\/wp-content\/uploads\/2025\/08\/27354369-1.jpg","datePublished":"2025-01-15T12:23:15+00:00","dateModified":"2026-04-28T00:56:06+00:00","breadcrumb":{"@id":"https:\/\/bukiboek.nl\/product\/intaiul-meu-cuvant-de-pionier\/#breadcrumb"},"inLanguage":"en-GB","potentialAction":[{"@type":"ReadAction","target":["https:\/\/bukiboek.nl\/product\/intaiul-meu-cuvant-de-pionier\/"]}]},{"@type":"ImageObject","inLanguage":"en-GB","@id":"https:\/\/bukiboek.nl\/product\/intaiul-meu-cuvant-de-pionier\/#primaryimage","url":"https:\/\/bukiboek.nl\/wp-content\/uploads\/2025\/08\/27354369-1.jpg","contentUrl":"https:\/\/bukiboek.nl\/wp-content\/uploads\/2025\/08\/27354369-1.jpg","width":600,"height":775},{"@type":"BreadcrumbList","@id":"https:\/\/bukiboek.nl\/product\/intaiul-meu-cuvant-de-pionier\/#breadcrumb","itemListElement":[{"@type":"ListItem","position":1,"name":"Home","item":"https:\/\/bukiboek.nl\/"},{"@type":"ListItem","position":2,"name":"Intaiul meu cuvant de pionier"}]},{"@type":"WebSite","@id":"https:\/\/bukiboek.nl\/en\/#website","url":"https:\/\/bukiboek.nl\/en\/","name":"BukiBook","description":"Children&#039;s books in different languages","publisher":{"@id":"https:\/\/bukiboek.nl\/en\/#organization"},"potentialAction":[{"@type":"SearchAction","target":{"@type":"EntryPoint","urlTemplate":"https:\/\/bukiboek.nl\/en\/?s={search_term_string}"},"query-input":{"@type":"PropertyValueSpecification","valueRequired":true,"valueName":"search_term_string"}}],"inLanguage":"en-GB"},{"@type":"Organization","@id":"https:\/\/bukiboek.nl\/en\/#organization","name":"BukiBook","url":"https:\/\/bukiboek.nl\/en\/","logo":{"@type":"ImageObject","inLanguage":"en-GB","@id":"https:\/\/bukiboek.nl\/en\/#\/schema\/logo\/image\/","url":"https:\/\/bukiboek.nl\/wp-content\/uploads\/2023\/01\/cropped-cropped-Transparent-Logo-1-e1675407711486.png","contentUrl":"https:\/\/bukiboek.nl\/wp-content\/uploads\/2023\/01\/cropped-cropped-Transparent-Logo-1-e1675407711486.png","width":600,"height":662,"caption":"BukiBoek"},"image":{"@id":"https:\/\/bukiboek.nl\/en\/#\/schema\/logo\/image\/"},"sameAs":["https:\/\/www.linkedin.com\/company\/74944248\/"]}]}},"_links":{"self":[{"href":"https:\/\/bukiboek.nl\/en\/wp-json\/wp\/v2\/product\/18868","targetHints":{"allow":["GET"]}}],"collection":[{"href":"https:\/\/bukiboek.nl\/en\/wp-json\/wp\/v2\/product"}],"about":[{"href":"https:\/\/bukiboek.nl\/en\/wp-json\/wp\/v2\/types\/product"}],"replies":[{"embeddable":true,"href":"https:\/\/bukiboek.nl\/en\/wp-json\/wp\/v2\/comments?post=18868"}],"wp:featuredmedia":[{"embeddable":true,"href":"https:\/\/bukiboek.nl\/en\/wp-json\/wp\/v2\/media\/20028"}],"wp:attachment":[{"href":"https:\/\/bukiboek.nl\/en\/wp-json\/wp\/v2\/media?parent=18868"}],"wp:term":[{"taxonomy":"product_brand","embeddable":true,"href":"https:\/\/bukiboek.nl\/en\/wp-json\/wp\/v2\/product_brand?post=18868"},{"taxonomy":"product_cat","embeddable":true,"href":"https:\/\/bukiboek.nl\/en\/wp-json\/wp\/v2\/product_cat?post=18868"},{"taxonomy":"product_tag","embeddable":true,"href":"https:\/\/bukiboek.nl\/en\/wp-json\/wp\/v2\/product_tag?post=18868"},{"taxonomy":"klant-ref","embeddable":true,"href":"https:\/\/bukiboek.nl\/en\/wp-json\/wp\/v2\/klant-ref?post=18868"}],"curies":[{"name":"wp","href":"https:\/\/api.w.org\/{rel}","templated":true}]}}

<p>Ada, 8 jaar, groeit op in de laatste maanden van het communistische Roemenië. Terwijl ze zich voorbereidt op haar pioniersceremonie, ontdekt ze dat één grap haar leven kan veranderen. Een pakkend verhaal over kind-zijn in een turbulente tijd.</p>

<!-- This site is optimized with the Yoast SEO plugin v27.4 - https://yoast.com/product/yoast-seo-wordpress/ -->
<title>Intaiul meu cuvant de pionier - BukiBoek</title>
<meta name="robots" content="index, follow, max-snippet:-1, max-image-preview:large, max-video-preview:-1" />
<link rel="canonical" href="https://bukiboek.nl/en/product/intaiul-meu-cuvant-de-pionier/" />
<meta property="og:locale" content="en_GB" />
<meta property="og:type" content="article" />
<meta property="og:title" content="Intaiul meu cuvant de pionier - BukiBoek" />
<meta property="og:description" content="Ada, 8 jaar, groeit op in de laatste maanden van het communistische Roemenië. Terwijl ze zich voorbereidt op haar pioniersceremonie, ontdekt ze dat één grap haar leven kan veranderen. Een pakkend verhaal over kind-zijn in een turbulente tijd." />
<meta property="og:url" content="https://bukiboek.nl/en/product/intaiul-meu-cuvant-de-pionier/" />
<meta property="og:site_name" content="BukiBoek" />
<meta property="article:modified_time" content="2026-04-28T00:56:06+00:00" />
<meta property="og:image" content="https://bukiboek.nl/wp-content/uploads/2025/08/27354369-1.jpg" />
	<meta property="og:image:width" content="600" />
	<meta property="og:image:height" content="775" />
	<meta property="og:image:type" content="image/jpeg" />
<meta name="twitter:card" content="summary_large_image" />
<script type="application/ld+json" class="yoast-schema-graph">{"@context":"https:\/\/schema.org","@graph":[{"@type":"WebPage","@id":"https:\/\/bukiboek.nl\/product\/intaiul-meu-cuvant-de-pionier\/","url":"https:\/\/bukiboek.nl\/product\/intaiul-meu-cuvant-de-pionier\/","name":"Intaiul meu cuvant de pionier - BukiBoek","isPartOf":{"@id":"https:\/\/bukiboek.nl\/en\/#website"},"primaryImageOfPage":{"@id":"https:\/\/bukiboek.nl\/product\/intaiul-meu-cuvant-de-pionier\/#primaryimage"},"image":{"@id":"https:\/\/bukiboek.nl\/product\/intaiul-meu-cuvant-de-pionier\/#primaryimage"},"thumbnailUrl":"https:\/\/bukiboek.nl\/wp-content\/uploads\/2025\/08\/27354369-1.jpg","datePublished":"2025-01-15T12:23:15+00:00","dateModified":"2026-04-28T00:56:06+00:00","breadcrumb":{"@id":"https:\/\/bukiboek.nl\/product\/intaiul-meu-cuvant-de-pionier\/#breadcrumb"},"inLanguage":"en-GB","potentialAction":[{"@type":"ReadAction","target":["https:\/\/bukiboek.nl\/product\/intaiul-meu-cuvant-de-pionier\/"]}]},{"@type":"ImageObject","inLanguage":"en-GB","@id":"https:\/\/bukiboek.nl\/product\/intaiul-meu-cuvant-de-pionier\/#primaryimage","url":"https:\/\/bukiboek.nl\/wp-content\/uploads\/2025\/08\/27354369-1.jpg","contentUrl":"https:\/\/bukiboek.nl\/wp-content\/uploads\/2025\/08\/27354369-1.jpg","width":600,"height":775},{"@type":"BreadcrumbList","@id":"https:\/\/bukiboek.nl\/product\/intaiul-meu-cuvant-de-pionier\/#breadcrumb","itemListElement":[{"@type":"ListItem","position":1,"name":"Home","item":"https:\/\/bukiboek.nl\/"},{"@type":"ListItem","position":2,"name":"Intaiul meu cuvant de pionier"}]},{"@type":"WebSite","@id":"https:\/\/bukiboek.nl\/en\/#website","url":"https:\/\/bukiboek.nl\/en\/","name":"BukiBoek","description":"Kinderboeken in verschillende talen","publisher":{"@id":"https:\/\/bukiboek.nl\/en\/#organization"},"potentialAction":[{"@type":"SearchAction","target":{"@type":"EntryPoint","urlTemplate":"https:\/\/bukiboek.nl\/en\/?s={search_term_string}"},"query-input":{"@type":"PropertyValueSpecification","valueRequired":true,"valueName":"search_term_string"}}],"inLanguage":"en-GB"},{"@type":"Organization","@id":"https:\/\/bukiboek.nl\/en\/#organization","name":"BukiBoek","url":"https:\/\/bukiboek.nl\/en\/","logo":{"@type":"ImageObject","inLanguage":"en-GB","@id":"https:\/\/bukiboek.nl\/en\/#\/schema\/logo\/image\/","url":"https:\/\/bukiboek.nl\/wp-content\/uploads\/2023\/01\/cropped-cropped-Transparent-Logo-1-e1675407711486.png","contentUrl":"https:\/\/bukiboek.nl\/wp-content\/uploads\/2023\/01\/cropped-cropped-Transparent-Logo-1-e1675407711486.png","width":600,"height":662,"caption":"BukiBoek"},"image":{"@id":"https:\/\/bukiboek.nl\/en\/#\/schema\/logo\/image\/"},"sameAs":["https:\/\/www.linkedin.com\/company\/74944248\/"]}]}</script>
<!-- / Yoast SEO plugin. -->

Ada, 8 jaar, groeit op in de laatste maanden van het communistische Roemenië. Terwijl ze zich voorbereidt op haar pioniersceremonie, ontdekt ze dat één grap haar leven kan veranderen. Een pakkend verhaal over kind-zijn in een turbulente tijd.
